 j(q) = 24*q**2 - 138*q - 34. Determine j(6).
2
Let r(v) = -1907*v + 36215. Give r(19).
-18
Let s(m) = -m**3 - 38*m**2 + 1158*m - 171. Give s(-58).
-55
Let p(b) = 4*b**2 + 63*b + 61. Determine p(-15).
16
Let h(d) = -27*d - 236. What is h(-10)?
34
Let f(r) = 122*r**2 - 1073*r - 227. Give f(9).
-2
Let s(g) = g**3 + 55*g**2 + 439*g - 501. Determine s(-45).
-6
Let r(y) = 2*y**3 - 9*y**2 + 611*y - 3101. Determine r(5).
-21
Let a(h) = 110*h + 4069. Calculate a(-37).
-1
Let v(x) = -2*x**2 + 242*x + 2341. Calculate v(130).
1
Let k(m) = -100*m + 17794. Calculate k(178).
-6
Let x(s) = s**2 + 364*s - 6481. What is x(17)?
-4
Let g(j) = -48*j - 532. Give g(0).
-532
Let h(z) = -17*z + 23. Give h(-4).
91
Let c(r) = -2*r**3 + 15*r**2 - 3*r + 114. Give c(8).
26
Let m(q) = q**3 - 20*q**2 + 62*q + 46. Calculate m(16).
14
Let m(v) = 2*v**2 - 1372*v + 17. Determine m(0).
17
Let d(k) = 1622*k + 8107. What is d(-5)?
-3
Let h(d) = -17*d - 543. Determine h(-32).
1
Let u(t) = t**3 + 189*t**2 - 589*t - 2509. Calculate u(-192).
-13
Let i(r) = 10*r**2 + 74*r - 75. Give i(1).
9
Let c(k) = -5*k**3 + 14*k + 33. Determine c(-4).
297
Let v(f) = 74*f**2 + 476*f - 1. Give v(-6).
-193
Let m(p) = -231*p - 39. Give m(-1).
192
Let t(v) = 828*v + 305532. Give t(-369).
0
Let d(h) = 1354*h - 32438. Calculate d(24).
58
Let g(l) = 3*l**2 + 13*l - 435. Calculate g(7).
-197
Let g(q) = 2*q**3 - 20*q**2 - 39*q + 244. Calculate g(6).
-278
Let a(z) = -18*z - 713. What is a(-39)?
-11
Let a(r) = -54*r - 2037. What is a(-38)?
15
Let a(m) = m**3 + 37*m**2 + 168*m + 256. Calculate a(-32).
0
Let p(v) = -v**3 - 11*v**2 + 6*v + 10. What is p(-8)?
-230
Let x(h) = -100*h + 542. Give x(12).
-658
Let v(q) = -2*q + 153. Give v(-7).
167
Let o(m) = -21*m + 151. Give o(19).
-248
Let c(h) = -106*h - 187. Calculate c(-3).
131
Let i(p) = -164*p + 643. Give i(4).
-13
Let i(y) = y**2 - 443*y + 47421. Give i(262).
-1
Let x(a) = 300*a + 79797. Calculate x(-266).
-3
Let m(s) = 41*s**3 - 9*s**2 + 11*s - 1. What is m(1)?
42
Let u(p) = 38*p + 69. Give u(-7).
-197
Let c(l) = -2*l**2 + 38*l - 65. Determine c(11).
111
Let o(q) = -q**3 - 8*q**2 + 69*q + 535. Determine o(-9).
-5
Let o(p) = -42*p**2 + 1088*p + 65. What is o(26)?
-39
Let x(l) = 2*l**2 - 4*l - 15. Give x(-3).
15
Let n(f) = 23*f**2 - 403*f + 214. Calculate n(17).
10
Let j(q) = -q**2 - 14*q - 52. Give j(-13).
-39
Let c(r) = -16*r**2 + 82*r - 80. What is c(4)?
-8
Let c(p) = -34*p - 282. Calculate c(-4).
-146
Let n(u) = -2*u**2 + 46*u + 62. Give n(23).
62
Let j(d) = 40*d**2 + 121*d + 1. Give j(-3).
-2
Let c(t) = -2*t**2 - 12*t + 58. Give c(-12).
-86
Let p(c) = -c**2 + 56*c + 194. Give p(-3).
17
Let y(k) = -k**3 + 29*k**2 + 37*k - 139. Give y(30).
71
Let z(k) = -2*k**2 - 115*k - 355. Determine z(-54).
23
Let q(z) = -8*z**2 - 1079*z + 2160. Give q(2).
-30
Let m(h) = -12*h + 101. Calculate m(13).
-55
Let v(y) = -4*y**2 + 404*y + 469. What is v(102)?
61
Let q(k) = 3752*k + 108785. Give q(-29).
-23
Let m(v) = -v**3 + 64*v**2 - 346*v - 10. Give m(6).
2
Let h(q) = -q**2 + 432. What is h(21)?
-9
Let r(v) = 13*v - 182. What is r(17)?
39
Let o(a) = 6*a**2 - 2*a - 26. What is o(-6)?
202
Let y(t) = 5*t + 367. Determine y(-74).
-3
Let w(r) = -28*r**2 - 252*r + 613. What is w(-11)?
-3
Let g(f) = f - 17. Calculate g(-12).
-29
Let i(l) = 16*l + 114. What is i(-3)?
66
Let w(u) = u**3 + 27*u**2 + 146*u + 101. Calculate w(-20).
-19
Let v(l) = 13*l + 725. Determine v(-45).
140
Let j(o) = 4*o**3 - o**2 - 24*o - 1. What is j(-4)?
-177
Let f(a) = -246*a - 23857. What is f(-97)?
5
Let l(a) = -15*a**2 + 176*a + 76. Determine l(12).
28
Let i(y) = y**2 - 317*y + 1946. Determine i(6).
80
Let a(s) = -4*s**2 + 87*s + 670. What is a(-6)?
4
Let t(g) = g**3 + 24*g**2 + 38*g + 324. What is t(-23)?
-21
Let j(g) = -3*g**2 + 144*g - 1100. What is j(9)?
-47
Let m(a) = -a**3 - 32*a**2 + 3*a + 34. Determine m(-32).
-62
Let f(l) = l**3 + 119*l**2 - 12*l - 1434. What is f(-119)?
-6
Let l(t) = -2*t**2 - 1022*t - 9028. Give l(-9).
8
Let o(a) = 12*a**2 - 523*a + 417. Determine o(43).
116
Let j(s) = 61*s**2 - 440*s + 484. What is j(6)?
40
Let y(o) = -2*o**3 - 36*o**2 - 141*o - 17. Calculate y(-12).
-53
Let y(b) = 14*b**3 - 88*b**2 + 24*b - 38. Determine y(6).
-38
Let d(k) = -k**3 + 45*k**2 - 96*k + 442. What is d(43)?
12
Let o(j) = -j**2 - 89*j - 492. Give o(-6).
6
Let m(s) = -56*s + 264. What is m(5)?
-16
Let h(i) = 28*i**2 + i + 60. Determine h(0).
60
Let x(w) = w**2 + 46*w - 1083. Give x(17).
-12
Let u(y) = 2*y**3 - 60*y**2 + 105*y + 72. Give u(28).
-124
Let b(j) = -45*j - 391. Determine b(-9).
14
Let q(p) = 2*p**3 + 38*p**2 + 44*p + 138. Determine q(-18).
-6
Let z(r) = 28*r + 1094. What is z(-33)?
170
Let l(r) = 766*r + 7653. Determine l(-10).
-7
Let r(a) = 68*a - 4636. Give r(70).
124
Let u(f) = -f**3 - 17*f**2 - 66*f - 39. What is u(-12)?
33
Let x(c) = -2*c**3 - 19*c**2 + 123*c + 10. What is x(7)?
-746
Let y(o) = -4*o + 14. What is y(-19)?
90
Let d(y) = -103*y - 108. Determine d(-2).
98
Let w(x) = x**3 + 14*x**2 + 43*x + 35. What is w(-4)?
23
Let l(o) = o**3 + 16*o**2 - 4*o + 50. Give l(-17).
-171
Let a(l) = 2*l**2 - 68*l - 128. What is a(35)?
-58
Let a(f) = -f**2 - 91*f + 55755. What is a(195)?
-15
Let k(z) = 11*z**2 - 15. Determine k(3).
84
Let x(y) = -21*y**2 - 376*y + 2307. What is x(6)?
-705
Let l(g) = -g**3 - 19*g**2 + 10*g + 18. What is l(-18)?
-486
Let r(x) = -5*x**2 + 63*x - 17. Determine r(6).
181
Let h(r) = r**3 - 12*r**2 - 113*r + 1257. Give h(9).
-3
Let p(u) = -2*u**2 - 11*u + 206. Give p(0).
206
Let i(s) = 2*s**2 - 215*s + 1230. What is i(6)?
12
Let u(d) = 65*d**2 - 829*d - 193. Give u(13).
15
Let f(j) = -17*j - 420. What is f(-19)?
-97
Let c(w) = -2*w**2 + 164*w - 121. Determine c(81).
41
Let g(f) = 7*f**3 - 7*f**2 - f - 2. What is g(3)?
121
Let k(l) = 2*l**3 - 93*l**2 - 56*l + 420. Give k(47).
-3
Let m(l) = -l**3 - 11*l**2 + 44*l - 148. Calculate m(-15).
92
Let t(p) = 52*p**2 - 202*p + 387. Calculate t(2).
191
Let z(f) = -28*f + 59. What is z(10)?
-221
Let u(b) = -100*b - 1522. Determine u(-15).
-22
Let k(w) = -w**3 - 14*w**2 + 35*w - 13. What is k(-16)?
-61
Let s(z) = -z**3 - 57*z**2 - 27*z + 1634. Calculate s(-56).
10
Let t(h) = -h**3 - 23*h**2 - 17*h + 197. Determine t(-22).
87
Let d(k) = 76*k - 67. Determine d(-6).
-523
Let h(w) = -w**3 - 313*w**2 + 3570*w + 1954. Give h(-324).
10
Let y(f) = -15*f - 168. Determine y(-33).
327
Let x(w) = -3*w + 64. Calculate x(24).
-8
Let q(l) = 11*l + 888. Calculate q(-78).
30
Let q(u) = 1083*u - 8680. Calculate q(8).
-16
Let s(v) = -v**2 - 201*v - 1746. What is s(-9)?
-18
Let z(k) = 409*k**2 + 59*k + 60. Give z(-1).
410
Let q(b) = -b**3 - 6*b**2 - 16*b - 188. Determine q(-7).
-27
Let u(z) = -313*z + 4689. Calculate u(15).
-6
Let j(u) = -3*u**2 - 159*u + 10. What is j(-53)?
10
Let v(o) = -2*o**3 - 85*o**2 - 43*o + 36. Calculate v(-42).
78
Let j(t) = -2*t**3 + 362*t**2 - 723*t + 1242. What is j(179)?
-11
Let j(g) = 2*g**2 - 71*g + 554. Give j(12).
-10
Let z(r) = 2*r**2 + 17*r - 102. Determine z(5).
33
Let n(h) = -48*h + 428. What is n(10)?
-52
Let r(k) = -7*k**2 + 44*k + 51. Determine r(11).
-312
Let v(g) = -4*g**2 - 161*g - 31. Determine v(-40).
9
Let j(h) = -20*h**2 + 8*h - 11. Calculate j(4).
-299
Let m(a) = -3*a**3 - 276*a**2 + 2*a + 221. Determine m(-92).
37
Let w(d) = 5*d**2 - 275*d - 553. Calculate w(-2).
17
Let s(p) = 10330*p - 61994. Give s(6).
-14
Let m(c) = -3*c**2 + 11*c + 46. Give m(8).
-58
Let l(r) = r**3 + 5*r**2 - 86*r - 486. Calculate l(-6).
-6
Let y(j) = 99*j**2 - 31*j - 32. Determine y(-1).
98
Let w(f) = 9*f**3 + 114*f**2 - 56*f - 205. Calculate w(-13).
16
Let q(a) = -2272*a - 6816. Give q(-3).
0
Let h(s) = 3*s**2 - 16*s - 149. What is h(-7)?
110
Let c(v) = 2*v**2 + 91*v + 268. Give c(-3).
13
Let l(m) = 118*m + 21006. Calculate l(-178).
2
Let y(p) = -2*p**2 + 13*p + 79. What is y(8)?
55
Let i(h) = 14*h**2 + 9*h - 1. What is i(-2)?
37
Let l(v) = 1252*v - 11263. What is l(9)?
5
Let o(f) = -12*f**3 + 15*f**2 + 7*f + 10. Give o(2).
-12
Let j(q) = -89*q - 9330. Determine j(-104).
-74
Let l(p) = -175*p + 1503. Calculate l(9).
-72
Let n(k) = -k**2 - 4*k - 19. What is n(0)?
-19
Let y(w) = w**3 + 64*w**2 - 497*w - 8. What is y(-71)?
-8
Let l(c) = -3*c**3 - 7*c**2 - 186*c - 1349. What is l(-7)?
639
Let y(l) = l**3 - 55*l**2 - 234*l - 30. 